- 95. What is the units digit of r?
5
Let t = -671 - -1902. What is the units digit of t?
1
Let j(l) = -108*l - 46. What is the thousands digit of j(-23)?
2
Suppose -8 = -s - 6. Let q(m) = 3*m + 1. Let r be q(1). Suppose -r*z - s*v = -50, -3*z + 5 = -0*v - 5*v. What is the tens digit of z?
1
Suppose -2*t - t + 1380 = -5*r, 2*r + 460 = t. Suppose 7*d + 12 = t. What is the units digit of d?
4
Suppose -5*m = u - 2501, 7320 = 3*u - m - 135. What is the tens digit of u?
8
Let m(o) = -2*o + 18. Let n be m(-6). Let i = 33 - n. Suppose i*t = 23 + 67. What is the units digit of t?
0
Suppose a - 42 = -4*m, -129 = -4*a - 3*m + 39. What is the tens digit of a?
4
Let z = -14 + 19. Suppose -z*p + 4*x + 4 = -4, -8 = 4*x. Suppose -i + 4*o + 23 = 0, 5*i + p*i = -2*o + 203. What is the units digit of i?
9
Suppose -3*w + 2*r + 507 = 2*w, -87 = -w + 4*r. Let l = w + 182. What is the hundreds digit of l?
2
Let y(p) = 804*p**2 - 5*p - 2. What is the units digit of y(2)?
4
Let h = 172 - -774. What is the units digit of h?
6
Let u(p) = -12*p - 145. What is the tens digit of u(-13)?
1
Let z(k) = 120*k**2 + 3*k. Let m be z(-1). Suppose -2*o = -239 - m. What is the units digit of o?
8
Suppose 0 = 4*r - f + 77, 3*r - 2*f + 100 = -2*r. What is the tens digit of 6/r - (-268)/3?
8
What is the tens digit of (-7)/(11 + 3)*-1842?
2
Suppose -168 = -28*v + 24*v. What is the units digit of v*((-21)/(-9) - 0)?
8
Let u(p) = 3*p**3 + 12*p**2 + 2*p + 1. What is the hundreds digit of u(5)?
6
Suppose 1 = z + 4. Let c be z + (10 - 6/(-3)). Let s = 19 - c. What is the units digit of s?
0
Let q(g) = g**2 + 11*g - 14. Let n be q(-11). Suppose 0*r + 5*p + 43 = -2*r, 0 = 3*r + 2*p + 37. Let h = r - n. What is the units digit of h?
5
Suppose 0 = -h - 3*d + 223, 0 = 2*d - 0*d + 10. Suppose 5*y + u - h = 3*u, 3*y - u = 142. What is the tens digit of y?
4
Let u = -11 - -16. Suppose -48 = 510*t - 518*t. Suppose u*l = 2*x + t*l - 51, 36 = 2*x - 2*l. What is the tens digit of x?
2
Let q(a) = 26*a. Let l(f) = -7 + 6*f**2 - 2*f**2 + 7*f - 3*f**2. Let r be l(-8). What is the tens digit of q(r)?
2
Let u = 1406 - -38. What is the units digit of u?
4
Let w = 2056 - 2057. Suppose 3*x = -5*b - 27 - 7, -4*b = 3*x + 32. What is the units digit of (-3 + (x - -2))*w?
9
Suppose -5*c = -3*k + 5, -11 + 38 = c + 5*k. Suppose c*t - 608 = -4*d, -2*t + 5*t + 618 = 4*d. Suppose -107 = -4*g + d. What is the tens digit of g?
6
Suppose 4*m + 1 + 23 = 0. Let q(u) = -u**3 + u**2 + u. Let c(f) = -5*f**3 + 12*f**2 + 14*f + 9. Let i(o) = -c(o) + 6*q(o). What is the tens digit of i(m)?
3
Suppose 3*d = 5*t + 67 + 353, 4*d + 3*t = 560. What is the units digit of -4 + 5 + d + 4?
5
Let m be 2/((9/(-6) - -1)/1). Let r(a) = -2*a**3 - 4*a**2 - 4*a + 3. What is the tens digit of r(m)?
8
Let w be (-3)/3*(-24)/(-2). Suppose -i + 46 = -23. What is the units digit of (w/(-4))/(9/i)?
3
What is the hundreds digit of -29035*18/(-270) + 1/3?
9
Let v(f) = -1. Let s(x) = -4*x + 34. Let r(h) = s(h) + 5*v(h). What is the units digit of r(-12)?
7
Let r = 15 + -35. Let y = -16 - r. Suppose -y*n - 2*n + 48 = 0. What is the units digit of n?
8
Suppose 0*s - 4*s - 3*k = -4, -3*s + k = -16. What is the units digit of (-40)/(-24) - s/(-3)?
3
Suppose -4*o = -d - 378 - 1122, 5*o + 5*d - 1850 = 0. What is the units digit of o?
4
Let w(s) = -s**3 - s**2 + 8. Let v be w(0). Suppose -13*k + 110 = -v*k. What is the tens digit of (11 + -10)/(2/k)?
1
Let x(u) = 21*u - 9. Let p be x(7). Suppose -4*r + p = -210. What is the tens digit of r?
8
Suppose 2*h - 4*h - 4*b = -28, 0 = -3*h + 4*b + 2. Let i be -8 + (h/(-3) - 0). Let x = i - -20. What is the units digit of x?
0
Let x(l) = l**3 - 7*l**2 - 4*l - 4. Suppose 0*a + 3*a + 36 = -5*s, a = -s - 12. Let p = -4 - a. What is the tens digit of x(p)?
2
Let x(c) = 7*c + 13 - 13*c - 14 + 26. What is the units digit of x(0)?
5
What is the tens digit of -8 + 5 - -298*6 - 0?
8
Let l(h) = h**3 + 21*h**2 + 16*h + 9. Let r be l(-6). Let u = r + -278. What is the units digit of u?
5
Suppose -134 = -v - 3*t, -5*t + 2*t - 122 = -v. Suppose 0*z + 2*z = v. What is the tens digit of z?
6
Suppose c = -3*b + 1343 + 1414, 3*b - 2757 = -5*c. What is the tens digit of b?
1
Let y = 24 + -20. Suppose -l = y*l + 2*m - 12, -m = -1. What is the units digit of l + -1 + 46 + 2?
9
Let a = 92 - 92. Suppose v + 333 = 4*z, z - 2*z + 2*v + 85 = a. What is the units digit of z?
3
Let u = -59 - -103. Suppose 2*v - u = -h + 31, -v + 272 = 4*h. What is the tens digit of h?
6
Let y = -310 - -217. Let q = -34 - y. What is the tens digit of q?
5
Let n(s) = s**3 + 16*s**2 + 15*s - 6. Let u be n(-15). What is the tens digit of (2 - u/(-4))/(1/86)?
4
Suppose f - 4 = -14. Let h be (7 + f)*(-14)/3. Suppose -5*s + h = -3*w, 3*s - 8 - 4 = 0. What is the units digit of w?
2
Let h(x) be the third derivative of x**5/30 + 11*x**4/12 - 5*x**3/6 + 11*x**2. What is the units digit of h(-12)?
9
Let w(q) = q**2 + 7*q - 8. Let f be w(-8). Suppose 4*z - 6 = -b, -5*b + z + 0 + 93 = f. What is the units digit of b?
8
Let v(u) = 15*u - 13 - 17*u + 33*u. Let k(d) = 47*d - 20. Let i(q) = 5*k(q) - 8*v(q). What is the units digit of i(-3)?
3
Let l(s) = 2*s**2 + 28*s - 53. What is the units digit of l(-27)?
9
Suppose 3*l = 114 - 12. Suppose -75 = -j + l. What is the hundreds digit of j?
1
Suppose -2*c + 11 - 13 = 0. Let i be (-2 - -3)*c*-3. What is the units digit of (0 + -2 + i)*1?
1
Suppose u = 4*k - 3, -4*k + 5*u + 9 - 26 = 0. Suppose -k*t = -i + 2*t + 60, 35 = i + t. What is the units digit of i?
0
Let t = 26 - 26. What is the tens digit of (1548/20 - t) + 3/5?
7
Let h be (-4)/42 + 946/231. Suppose -166 = -r - 3*p, 9*p = h*p. What is the units digit of r?
6
Let w(q) = 7*q**2 + 45*q**3 + q - 6*q**2 - 60*q**3. Suppose v = -1 - 0. What is the units digit of w(v)?
5
Let i(s) = s**3 + 19*s**2 - 24*s - 20. Let g be i(-20). Let y = -2 - -4. Suppose 0 = -y*j - 6*q + q + g, 0 = -3*j - 4*q + 97. What is the tens digit of j?
3
Suppose -4*u + 1233 = 3*f, 7*f + 1619 = 11*f - 3*u. What is the hundreds digit of f?
4
Suppose 1528 + 12 = 4*h. What is the tens digit of h?
8
Suppose -562 + 98 = -3*k + 2*t, 613 = 4*k + 3*t. Let q(n) = -n**3 - 9*n**2 - 10*n - 29. Let g be q(-9). Suppose 5*v - g - k = 0. What is the units digit of v?
3
Suppose -6 + 18 = 6*g. What is the units digit of (1/2)/(5/1720*g)?
6
Suppose 2*c - 4*x + 14 = 0, 3*c + 13 + 2 = 4*x. Let l(p) be the second derivative of -37*p**3/3 - 2*p**2 + 131*p. What is the tens digit of l(c)?
7
Suppose 0 = 2*s - 10*l + 12*l - 4520, -4*l = -2*s + 4496. What is the thousands digit of s?
2
Let z(a) = 2*a**2 + 29*a + 149. What is the hundreds digit of z(-20)?
3
Suppose -146 = -y + 3*y. Let q = 31 + y. What is the units digit of (-125)/(-7) + (-6)/q?
8
Suppose q - 7 = -33. Let b = q + 30. What is the units digit of b?
4
Let q be (0*(-2)/6)/(-1). Suppose q = -3*u - u. Suppose -3*f + u*f + 153 = 0. What is the units digit of f?
1
Let y(h) = -6*h + 6 - 4 + 4. Let v be y(-10). Let t = v - 45. What is the tens digit of t?
2
Let w be ((-2)/3)/(2/(-543)). Suppose 0 = 6*u + 19 - w. What is the tens digit of u?
2
Let s = 53 - -468. Let f = s + -370. What is the tens digit of f?
5
Suppose 5*k + 14 = -3*b, 3*k + 2 = -b - 4*b. Let u(j) be the third derivative of j**5/12 + j**4/4 - j**3/6 - 14*j**2. What is the tens digit of u(k)?
5
Let r(b) = 7*b**2 + 12*b + 8. What is the units digit of r(-4)?
2
Suppose -5*r = -2*g, 4*g = 8*g + 3*r. Suppose -3*h - 5*j - 19 = g, 3*h + 3*j = 4 - 13. Suppose 4*i = 3*t - 54 + 14, h*i + 28 = 2*t. What is the tens digit of t?
1
Let w(d) = 15*d - 42. Let u be w(3). Suppose -2*m + u*b = -74, -2*m + 7*m + b = 219. What is the tens digit of m?
4
Let s(d) = 3*d**2 - 4*d + 5. Suppose 9 = -f - 5*j, -f + 2*j = 3*f + 14. Let r be s(f). Suppose 78 + r = 3*a. What is the tens digit of a?
4
Let b = 229 + 489. What is the tens digit of b?
1
Let z(o) = -4*o + 3. Let h be z(-5). Let l(d) = d + 11. Let j be l(-8). Suppose -y + 15 = 5*i + 4*y, j*y - h = -5*i. What is the units digit of i?
7
Suppose -a - 2*a = 33. Let u = -15 - a. What is the units digit of 14 + 0/(u + 1)?
4
Suppose -17 = 5*c - 42. Suppose o - c = -4*n + 6, 1 = -4*n + 3*o. Suppose -5*q + u = -6, -1 = -n*u + 7. What is the units digit of q?
2
Suppose 2*i + 3*i = -3*b - 109, -3*b = 